(-10). Suppose -4*x - y = 3*j - 0*x, -x = 4*j - 8. What is the units digit of j?
3
Let r(c) = c**2 - c - 2. Let g be r(2). Suppose 5*z - 107 + 22 = g. What is the units digit of z?
7
Let z(w) = 2*w. Let l be z(3). Suppose l = 2*x - 4*k, 10*x = 5*x + 3*k + 15. Suppose x*m - 3*j = 21, -4*j + 10 = -3*m + 36. What is the units digit of m?
2
Let i(r) = -3*r**2 - 1. Let o be i(-1). What is the tens digit of -42*o/(-36)*-3?
1
Let f be 1 - 1/(-2)*0. Suppose f - 5 = -w. Let v = w + 8. What is the tens digit of v?
1
Let m(k) = k**3 - k - 2. Let z be m(0). What is the units digit of z/(-8) - 3/(-4)?
1
Suppose -11*i = -2*i - 135. What is the tens digit of i?
1
Suppose -2*w - w = 27. Let n = -5 - w. Let r = n - 2. What is the units digit of r?
2
Let g = 79 + -116. Let j = g - -62. What is the tens digit of j?
2
Let q = 21 - 6. What is the units digit of q?
5
Suppose -3*r = -5*w - 12, -r = 4*w - 2*r + 4. Suppose w = 2*g + 2*g. Suppose 0 = -5*k - 5 - 5, -2*x + 3*k + 10 = g. What is the units digit of x?
2
What is the tens digit of (-12)/(-3) - (2 + -37)?
3
Suppose -12*d + 1772 - 320 = 0. What is the tens digit of d?
2
Let y(i) = 0*i**2 + 6 - 7 + i**2 + 2*i**2. Let j be y(-1). What is the tens digit of (-1 - -3 - -7) + j?
1
Let a = -1 + 0. Suppose 15 = -g + 2*g - 3*o, -3*g - 4*o = 20. What is the units digit of ((-2)/a + g)/2?
1
Let g(y) = 2*y**2 - 24*y - 20. What is the units digit of g(21)?
8
Suppose 0 = -4*t - z - 3, 4*t - 3*t - 4*z + 5 = 0. Let j = 23 - 1. Let x = j + t. What is the units digit of x?
1
Let z(x) = -10*x**2 - 11*x + 28. Let d(t) = -7*t**2 - 7*t + 19. Let f(n) = -7*d(n) + 5*z(n). What is the units digit of f(-5)?
2
Suppose -3*b + 35 = 4*h, b - 28 = -3*h - 8. Suppose -2*j + 45 = 3*j + 5*t, 6 = 2*j + h*t. What is the units digit of j?
3
Let j be 3 + 6/(-4)*2. Suppose -12 = 3*v + 2*f, j = 5*v + 2*f - 7*f - 5. What is the units digit of 1 + -2 + v + 10?
7
Suppose 0 = -i - 0*i + 5*b + 431, -5*b - 5 = 0. What is the tens digit of 20/50 - i/(-10)?
4
What is the tens digit of ((-6080)/15)/(-8) + 1/3?
5
Suppose u + 11 = -b + 2, -2*u + 4*b + 12 = 0. Let k = u - -4. Suppose h - 9 + 1 = k. What is the units digit of h?
8
Let r(k) = 0*k**2 - 2 + 0*k**2 + k**2 + 1 + 3*k. Let w(h) = -2*h**2 - 3*h - 3. Let y be w(-2). What is the units digit of r(y)?
9
Let g = 9 + -7. Suppose -g*r = r. Suppose -2*f = 5*k - 22, r*k - 36 = -2*f + 2*k. What is the tens digit of f?
1
Suppose 5*u = 5, -5*p - 6 = 5*u - 36. Suppose 3*x + 30 = p*x. What is the tens digit of x?
1
Let p(h) = h**3 + h**2 - h + 5. Let r be p(0). Suppose 5*g - g = -r*y + 104, 26 = g + 2*y. What is the units digit of g?
6
Let n(a) = -a - 2. Suppose -4*b = -0*b - 44. Suppose 0 = -3*t + 4*k - b, -3*t + 5*k = 4 + 6. What is the units digit of n(t)?
3
What is the tens digit of (-677)/(-15) + (-38)/285?
4
Let s = 27 + -26. What is the units digit of s?
1
Let n(h) = -h + 1. Let x be n(-1). Suppose 0 = -4*j - 4, x*q + q = 4*j + 43. What is the tens digit of q?
1
Let n be (36/(-21))/(1/14). Let j be n*1/(-4)*2. Suppose v - 5*v = -j. What is the units digit of v?
3
Let i be 1/4*0 - -14. Let t = -6 - -13. What is the units digit of 68/t - (-4)/i?
0
Suppose -2*d = 5 - 59. Suppose -2*o - 3*l = 2*l - 15, -d = -2*o - l. Let p = o + -5. What is the tens digit of p?
1
Suppose -5*x - 5*v + 590 = 0, 0 = -2*x + 3*x - 4*v - 113. What is the units digit of x?
7
Suppose -2*j + j = 4. Let v(g) = -g**2 - 4*g. Let o be v(j). Let y = o - -9. What is the units digit of y?
9
Let k = -160 - -61. Let f = 160 + k. Let r = f + -43. What is the tens digit of r?
1
Let u(i) = i**2 - 7*i - 12. Let m be u(9). Suppose -19 = -3*t + 4*s + 8, 0 = -t + 2*s + 9. Let f = t - m. What is the units digit of f?
3
Suppose -f - p - 5 = 1, -4*p = 2*f + 14. Let j be 8/(-2) + f + 5. Let i = 4 - j. What is the units digit of i?
8
Suppose -p - 44 - 37 = 0. What is the units digit of (-18)/p - 140/(-18)?
8
Suppose 0 = -4*k + 8, k - 52 = 4*t - 3*k. Let m = -5 - t. What is the units digit of m?
6
Suppose -111 = -4*t - 4*z + 7*z, -5*t + z + 125 = 0. Let x be 2/5 + 57/(-5). Let a = x + t. What is the tens digit of a?
1
Let i(v) = v**3 + 10*v**2 + 10*v + 8. Let s be i(-9). Let x be 3*(5/3 + s). Suppose -f - 5*g + 7 = 0, 5*g - 22 = -x*f + 3*g. What is the tens digit of f?
1
Suppose -2*v - 12 = -5*o, -4*v - v + 4 = -4*o. What is the units digit of v?
4
Suppose 0*o - 2*o + 5*v = -3, -3*o - 21 = v. What is the units digit of o/(-10) + (-62)/(-5)?
3
Suppose 0 = -2*o - 10, -3*d - 10 = -3*o + 5*o. Suppose -3*h - h = d. What is the tens digit of (-1)/(h - 3/36)?
1
Suppose 65 + 7 = 4*z. What is the tens digit of z?
1
Let z(t) = 2*t**2 + 10*t + 12. Let u(p) = -p**2 - 10*p - 11. Let k(d) = -3*u(d) - 2*z(d). What is the units digit of k(8)?
5
Let f = -2 - -3. Let u be ((-12)/9)/(f/3). What is the units digit of (10/(-15))/(u/6)?
1
Let p = 277 - -54. What is the hundreds digit of p?
3
Let d(z) = -z - 1. Suppose -7*g + 3*g - 16 = 0. Let l be d(g). Suppose 0*q + 45 = l*q. What is the units digit of q?
5
What is the units digit of 3/(-9)*((-2)/2 + -17)?
6
Let n(p) = -14*p + 11. What is the units digit of n(-7)?
9
Suppose 0 = -0*j + 2*j - 110. Suppose j = 4*u + u. What is the tens digit of u?
1
Suppose 0 = -12*y + 7*y + 250. Suppose 6 = -0*d + 3*d. Suppose 0 = -4*l - d + y. What is the tens digit of l?
1
Suppose 0*k - 2*k + 8 = 0, -3*k + 16 = r. What is the units digit of r?
4
Let z = 45 + -102. Let x = z + 81. What is the tens digit of (15/(-6) - -3)*x?
1
Suppose -2*y + 0*y + 40 = 0. Suppose 2*a - y = a. Let f = a + -12. What is the units digit of f?
8
Suppose 32 = 2*i - 16. Suppose 0 = 3*a + 6 - i. What is the units digit of a?
6
Let h(j) = -j**3 - 3*j**2 - 2*j + 2. What is the units digit of h(-4)?
6
Suppose 3*q = -6, 1 = -5*d + 4*d + 2*q. Let m be (-1)/d + (-24)/(-5). Suppose -6 - 29 = -m*h. What is the units digit of h?
7
Let h(m) = -m**2 + 4*m + 7. Suppose -4*v + 24 = 3*i, 17 = 5*v - 2*i - 13. Let r be h(v). Let k = r - -8. What is the units digit of k?
3
Let y = -2 + 6. What is the units digit of y?
4
Suppose 3*u + 9 = 2*v, 4*u + 64 - 24 = 5*v. What is the tens digit of v?
1
Let r = -5 - -13. Let w(o) = o - 2*o + r - 1. What is the units digit of w(-5)?
2
Suppose -2 = a + 1. Let r = a - -6. What is the units digit of r?
3
Let k = -13 + 8. Let m = 11 - k. What is the units digit of m?
6
What is the units digit of (-3)/5 + 476/35?
3
Let r(k) = 12*k. Let w be r(-7). Let t be w/(-2) + (-5 - -5). Let o = t + -23. What is the tens digit of o?
1
Let m(q) = -q**2 + 10*q - 2. Let s be m(10). What is the tens digit of 14/(-7) - (-19 - s)?
1
Suppose -p + 4*p = 0. Suppose 0 = -2*m + 6 - p. Suppose 7*q = m*q + 56. What is the tens digit of q?
1
Let w(d) = d**3 + 6*d**2 + 5*d + 3. Suppose -y - 4*j + 6 = 0, 3*j - 17 = -3*y + 1. Suppose -5*v - y = 19. What is the units digit of w(v)?
3
Suppose 5*n - 135 = 5*b, 2*n + b = n + 27. Let c = n + -16. What is the units digit of c?
1
Let v = -4 - -9. Suppose v*c - 4*c = 12. What is the tens digit of c?
1
Suppose -359 + 13 = -2*m. What is the tens digit of m?
7
Suppose g = 2 + 25. What is the units digit of g?
7
Suppose 2 = 2*n - 4. Suppose 3*q - n*k = -0*k, -2*k = q - 15. Suppose q*a = 5*j - 1 + 16, -4*a = 2*j. What is the units digit of a?
1
What is the tens digit of (-872)/(-20) + 6/(-10)?
4
Suppose 0 = -7*m + 5*m + 14. What is the units digit of 30/105 + 40/m?
6
Let q(d) = d**3 - 4*d**2 - 3*d + 11. What is the units digit of q(6)?
5
Suppose -50 = 3*g + 13. Let w = 28 + g. What is the units digit of w?
7
Suppose 9*r - 3105 = -6*r. What is the tens digit of r?
0
Let c(b) = b**3 + b**2 - 2*b**3 + 0*b**3 - 2*b + 1. What is the tens digit of c(-2)?
1
Let s(k) = k**2 + 7*k - 21. What is the tens digit of s(-12)?
3
Let p be (-1)/((-4)/(-92)*-1). Let r = 51 - p. What is the tens digit of r?
2
Suppose -5*i + 3*c + 69 + 86 = 0, 0 = -3*i - 5*c + 93. What is the units digit of i?
1
Let x = 0 - 1. Let y(m) = -2*m. Let l be y(x). Suppose 0 = l*j - 4. What is the units digit of j?
2
Let r(x) = 57*x**2 + 3*x + 3. What is the tens digit of r(-1)?
5
Suppose 2*n = -0*n - 8. Let l be 564/8*n/(-6). Suppose 3*s + l = h + 3*h, h = -3*s + 8. What is the tens digit of h?
1
What is the hundreds digit of (-655)/(-6) + (3 + -2)/(-6)?
1
Let u be (-2)/8 - (-9)/(-12). L